11 + k. Suppose -3*n - 156 = -a*n. List the prime factors of n.
2, 13
Let h(u) = -u**2 + 4*u + 10. Let g be h(-6). List the prime factors of ((-120)/g)/(2/60).
2, 3
Let t be (-8)/(-36) - 646/(-9). Suppose -u + t = -5*h, 0 = -3*h + 6*h + 9. List the prime factors of u.
3, 19
Let l(u) = u**3 + 11*u**2 - 41*u + 9. List the prime factors of l(13).
2, 883
Suppose 2*w - 1024 - 248 = 0. What are the prime factors of w?
2, 3, 53
Suppose 2*v = 17 + 5. Let h(n) = -3 - n**2 + 5*n + 3*n + 19 + 2*n. List the prime factors of h(v).
5
Let q = -45 - -50. Suppose 5*l = -q*p + 250, -4*l - 2*p + 64 = -136. What are the prime factors of l?
2, 5
Let d = -796 - -1706. Suppose q - 2*q = 4*v - d, -5*v - q = -1138. List the prime factors of v.
2, 3, 19
Let w be ((-2)/(-4))/((-2)/(-128)). Suppose 0 = 5*z + 25, r + 4*z - z + 7 = 0. Suppose y + r = w. What are the prime factors of y?
2, 3
Let w = 20 + -18. Suppose -w*f + s = -99, -s - 2*s + 171 = 3*f. List the prime factors of f.
2, 13
Let o(m) = -m + 1. Suppose 3*s + h = -9, 4*s + 5*h + 9 = -3. Let u be o(s). Suppose -4*t - u = 0, 3*r = 5*r + 5*t - 47. List the prime factors of r.
2, 13
Let r be ((-6)/9)/(7/2373). Let o = 385 + r. List the prime factors of o.
3, 53
Suppose 3*w + 48 = 42. List the prime factors of (-3 + (-17)/(-3))*(-6)/w.
2
Suppose -4*z + 0*w + 1576 = 4*w, 2*z + 4*w = 794. What are the prime factors of z/4 + (2/8)/1?
2, 7
Let k(r) = 7*r**2 + 3*r**2 - 5*r**2 + 7 - 13*r. What are the prime factors of k(5)?
67
Let q be -2*4/(-6)*-3. Let k(h) = -2*h**2 - 7*h - 6. Let u be k(q). Let r(x) = -x**2 - 13*x - 3. What are the prime factors of r(u)?
3
Let t(g) = 11*g**3 + 2*g**2 - 5*g - 12. What are the prime factors of t(4)?
2, 11
Let p(x) = -56*x - 6. Let j(r) = -11*r - 1. Suppose -2*z - 48 = 4*h, 8*z = -3*h + 3*z - 43. Let q(b) = h*j(b) + 2*p(b). List the prime factors of q(1).
2
What are the prime factors of 0 + 723 - (0/5)/(-2)?
3, 241
Let n(t) = 12*t**2 + 177*t - 94. List the prime factors of n(-29).
5, 7, 139
Let r be (-7 - -1)*(-2)/3. Let a(c) be the first derivative of c**4/2 - 4*c**3/3 - 2*c**2 + 2*c + 93. What are the prime factors of a(r)?
2, 5
Suppose 0 = -3*h - 210 - 6. Let a(p) = -4*p**2 + 6*p - 2. Let r be a(4). Let j = r - h. What are the prime factors of j?
2, 3, 5
Let p be (-3 + 1)*(1 + 786/(-4)). Let m = -177 + p. What are the prime factors of m?
2, 107
Suppose n - d - 101 = 211, 3*n - 942 = -3*d. List the prime factors of n.
313
Suppose 0 = q - 3*q + 10. Suppose 0 = -a - 3*v - 2*v + 8, -q*a + 5*v + 10 = 0. Let x = a - 0. What are the prime factors of x?
3
Let d = -1873 - -6123. List the prime factors of d.
2, 5, 17
What are the prime factors of ((-30)/5 - -118)*10?
2, 5, 7
Let m(r) = r**2 - 1. Let p be m(-3). Let f be ((-6)/(-12)*-2)/(2/(-56)). List the prime factors of (f/10)/(p/80).
2, 7
Suppose -3*p + 0*p + 1475 = 2*x, -5*x + 987 = 2*p. List the prime factors of p.
491
Suppose 4*q - 1632 = -h + 1187, 2*h = -q + 696. List the prime factors of q.
2, 353
Suppose 0 = 12*y - 7*y - 25. Suppose 5*l - 21 = -s, 0*l + l + 2*s = 6. Suppose 0 = -l*g + u + 11, -4*u + 15 = y*g - 4. List the prime factors of g.
3
Let p(d) = -10*d + 652. List the prime factors of p(0).
2, 163
Suppose 14*t + 73*t - 139461 = 0. List the prime factors of t.
7, 229
Suppose 0 = 3*y - 5*p - 3 - 1, 0 = 2*y + p - 20. Suppose 0 = 3*u - y*u + 110. What are the prime factors of u?
2, 11
Let t = 175 - 55. Let m = -33 + t. What are the prime factors of m?
3, 29
Suppose -27*b = -31*b + 16. Let u(r) = r. Let d(g) = g - 1. Let n(i) = -d(i) + 2*u(i). What are the prime factors of n(b)?
5
Let l(b) = b**3 - 10*b**2 + 3*b - 6. Let p = 23 - 14. Let z be 2 + (-1 - 0) + p. What are the prime factors of l(z)?
2, 3
Suppose 0 = -0*i - 5*i + 5. What are the prime factors of (4/i - -38)*1?
2, 3, 7
Suppose -14*x = -26*x. Suppose 0 = h - x*h + i - 120, 3*i = -6. What are the prime factors of h?
2, 61
Suppose 0 = 2*d - 1 - 11. Let i(m) = m**3 - 7*m - 2. What are the prime factors of i(d)?
2, 43
Let y(m) = 112*m + 36. What are the prime factors of y(12)?
2, 3, 5, 23
Let i(a) = -3*a**3 - 67*a**2 + 21*a - 44. What are the prime factors of i(-24)?
2, 11, 53
Let x be (-2*(-1)/6)/(8/72). Suppose r - x*r + 270 = 0. List the prime factors of r.
3, 5
Suppose 0 = 25*n - 29*n + 60. Suppose 10*i = n*i - 10. Suppose 98 = 2*s + i*z, 4*s - 191 = z - 4*z. List the prime factors of s.
2, 11
Let y be (3 - 48/10)/(9/(-30)). Let o(g) = 5*g**2 - 7*g. Let v(s) = 11*s**2 - 14*s - 1. Let p(w) = -9*o(w) + 4*v(w). List the prime factors of p(y).
2
Let b = 13 - 7. Let t = -52 + b. Let g = 82 + t. List the prime factors of g.
2, 3
Let v = 6583 + -1795. What are the prime factors of v?
2, 3, 7, 19
Suppose -133 = -2*l + 3*p, -l + p = -p - 64. What are the prime factors of l?
2, 37
Suppose 11*n - a = 10*n + 2786, -5*n + 4*a + 13926 = 0. List the prime factors of n.
2, 13, 107
Suppose 0 = -6*l + 10*l - 24. Suppose l*k = k - 30. What are the prime factors of 1 + 6*k/(-4)?
2, 5
Let v(c) = -c**2 - 13*c - 5. Let h be v(-12). Let i = 9 - h. List the prime factors of (-4)/(-8) + 13/i.
7
Let a(n) = 9*n + 2*n + 21 - 5*n. Let o(q) = q**3 + 6*q**2 + 6*q + 12. Let z be o(-5). List the prime factors of a(z).
3, 7
List the prime factors of (-1606)/3*(-132)/88.
11, 73
Let p(q) = 3*q - 5. List the prime factors of p(6).
13
Let u = 2 + 0. Suppose -g = 0, u*g + 63 = 5*b - 2*b. What are the prime factors of b?
3, 7
Let l(j) = j - 5. Let c be l(9). Suppose 194 = 2*q + c*f, 3*q - 3*f = -25 + 289. List the prime factors of q.
7, 13
Suppose 0 = -5*n + 5 + 5. Suppose g + 2*j = 9, j = g - n*j + 6. Suppose -4*q + 16 = -g*q. What are the prime factors of q?
2
Let q be (-3)/(-1)*(32 - -11). Let t = q + -19. Suppose 0 = -u + 3*u - t. List the prime factors of u.
5, 11
Let p = 68 + -37. Suppose 34*y = p*y + 9. Suppose 2*h - c = h + 21, y*c - 42 = -2*h. What are the prime factors of h?
3, 7
Let w(o) = 6*o. Let k be w(1). Suppose -c + k = c. Suppose -48 = -c*g + 132. List the prime factors of g.
2, 3, 5
Let v = 5 - 3. Suppose a + 4 = v*a. Suppose 2*w - a*i = 6*w - 24, -i = 5*w - 30. List the prime factors of w.
2, 3
Let l = -53 - -55. Suppose l*u + 3*o - 51 = 0, -2*u + 2*o + 16 = -30. What are the prime factors of u?
2, 3
Suppose -5*b + 5*h + 160 = 0, -2*b - 2*h = 2*h - 40. Suppose -4*l = i - 24, 3*l + 10 = i + b. Let z(k) = 6*k. List the prime factors of z(l).
2, 3
Suppose -4*h - 174 = 2*t, -6*t - 315 = -2*t - 3*h. Let x = -57 - t. Suppose -q + x = q. List the prime factors of q.
2, 3
Let i = -9 + 11. Suppose 0*s - i*v - 97 = -3*s, s + 2*v - 35 = 0. Suppose 0 = -j + s - 5. What are the prime factors of j?
2, 7
Suppose g = 2*g - 6. Suppose 2*k = -0*k + g. Suppose -2*u - k*f - 169 = -6*u, 2*f + 84 = 2*u. List the prime factors of u.
43
Suppose -125*f + 16920 = -119*f. What are the prime factors of f?
2, 3, 5, 47
Let i(y) = -y**2 - 45*y - 150. What are the prime factors of i(-41)?
2, 7
Let u(k) = 7*k**2 + 4*k + 3. What are the prime factors of u(-8)?
419
Suppose 33 = 5*h + 4*f, h + 3*h - f = 18. Suppose -2*m + 17 + h = 0. What are the prime factors of m?
11
Let f(g) = -g. Let y be f(6). Let v = y - -13. Suppose v*r - 68 = 3*r. What are the prime factors of r?
17
Suppose -37*q = -33*q - 1048. List the prime factors of q.
2, 131
Let f(h) be the third derivative of -h**4/8 + 59*h**3/6 - 5*h**2. Let r(k) = -2*k + 39. Let x(b) = -5*f(b) + 8*r(b). List the prime factors of x(13).
2
Suppose 0 = 5*x - 4*a - 6443, 4*x - 5179 = -a - 4*a. List the prime factors of x.
1291
Let o(h) = -3*h**3 - 10*h**2 - 8*h - 8. Let f be o(-8). Suppose 951 + f = 11*j. What are the prime factors of j?
173
Suppose 0 = b + 2*g + 2, 0 = -3*b + g - 0 + 1. Suppose 4*j - 73 - 295 = b. Suppose j = o + 3*o. What are the prime factors of o?
23
Let v = 1603 + -1096. List the prime factors of v.
3, 13
Let c be 3 - (-1 + (-2 - 9)). List the prime factors of (-652)/(-6) - (80/c)/8.
2, 3
Let x(i) = 2*i**3 - 44*i**2 - 42*i - 2. What are the prime factors of x(25)?
2, 19, 71
Suppose -t - 4 = -9, k - 5*t = 351. What are the prime factors of k?
2, 47
Let u be (-414)/(-10) - (-6)/(-15). Suppose -3*d + o = -30 + 8, -4*d + 26 = -2*o. Suppose 5*t = u + d. What are the prime factors of t?
2, 5
Let m = -15 - -15. Let c = m + 2. Suppose c*u = -0*u + 30. List the prim